*3/3 + 3*v**2/2 - 16698. Let b = -1 + 1. Suppose -4*l + a + a + 16 = b, -5*l - 2*a = -20. Determine o(l).
-4
Let s(x) = -18*x**3 - 67*x - 69. Let v be s(-1). Let m(j) = j**3 - 18*j**2 + 34*j - 38. What is m(v)?
-6
Suppose 42*r = 254 - 44. Let m(k) = 0*k**3 + 7*k - 2*k + 4*k**2 - k**3 + 0*k - 4. Determine m(r).
-4
Let f(d) be the third derivative of -d**6/120 + 23*d**5/60 - d**4/12 + 47*d**3/6 + 613*d**2 - d. What is f(23)?
1
Suppose -56*d = -57*d + 4. Suppose -d*g - 3*t = -19, -5*t - 53 = -4*g - 10. Let n(c) = -c**3 + 5*c**2 + 11*c - 7. What is n(g)?
-28
Let n(s) = s - 5. Let g be n(4). Let t(h) = -3*h. Let f(v) = -20 - 3 - 10 + 37 - 3. Let q(d) = g*t(d) - 2*f(d). Calculate q(5).
13
Let q(g) = -25*g - 4. Let y be q(-1). Let x be (-4 - -2*1) + y + -17. Let d(h) = -18 + 10 + 11*h + 0*h - h**x. What is d(10)?
2
Let q(n) = -281*n**2 + 154*n**2 + 128*n**2 - 4. Let j(f) = 2*f**3 + f**2 - f + 1. Let u be j(1). Calculate q(u).
5
Suppose 138 = 3*t + 3*r, 0 = -4*t + 4*r - 10 + 234. Let v = -49 + t. Let p(j) = -30 + j**v + 33 + 2*j**3 - j**3 - 3*j**2 - 3*j. What is p(3)?
3
Suppose 0 = 3*z + d - 4 - 4, 0 = 5*d + 5. Let n(t) = t - 142*t**2 - 8*t**z + 9*t**3 + 141*t**2. What is n(-2)?
-14
Let y(i) = 2*i**2 - 26*i - 59. Let j(t) = -t**2 + 12*t + 33. Let f(p) = 13*j(p) + 6*y(p). Give f(8).
11
Let l(q) be the third derivative of -q**5/60 - q**4/12 + 5*q**3/6 - 88*q**2. Suppose 24*p = 23*p - 4. Determine l(p).
-3
Let p be (215/172 - 9/12)*0. Let s(l) = l**2 - 7*l - 6. Determine s(p).
-6
Suppose 0 = -11*f - 51 - 4. Let q(v) = -v**3 - 21*v**2 - 18*v + 30. Let n be q(-20). Let c = f - n. Let d(k) = -3*k + 6. Calculate d(c).
-9
Let s(x) = -3 + x**2 + 0 + 13 + 11*x. Let h = -59326 + 59315. Give s(h).
10
Let y be -39*(2 - (-20)/(-3)). Let c = 184 - y. Let x(o) = -3*o**3 + 3*o**2 + o - 2. Give x(c).
-12
Let j(q) = -q - 4. Let u(g) = 17 - 12*g - 11*g + 22*g. Let b be u(15). Suppose 0 = -b*i - 2*l - 14, 2*i - 3*l = 2 - 11. Determine j(i).
2
Let b(w) = -w**2 - 4 - 6*w + 6 + 5 + 2. Let d(z) = z**2 + 55*z - 512. Let s be d(8). What is b(s)?
-7
Let k be (-1 - (-1 - 3))*10/30. Let z(p) = 2*p - 1 - 5 + 5*p**2 - p + 5. Determine z(k).
5
Suppose -10 = 5*t + 5. Suppose 22 - 31 = -3*p. Let a(c) = -58 - c**p + c**3 + 60 + c**3 + 3*c**2. What is a(t)?
2
Let k be 2 + -6 - (-106)/2. Suppose -k*m + 40*m = 99. Let g(l) be the third derivative of l**4/12 + 8*l**3/3 + l**2. What is g(m)?
-6
Let p(h) = 13*h**2 + 5*h + 4. Let m be p(-1). Suppose 0 = -u - 9 + m. Let a(d) = -d**2 + 3*d + 4. Give a(u).
4
Let c = -42 - -42. Suppose c = 3*a - 29 + 26. Let j(t) = -6*t**2 - 9*t. Let k(z) = z**2 + z. Let q(v) = a*j(v) + 5*k(v). Give q(-6).
-12
Let g(c) = 5*c**3 - 17*c**2 + 9*c + 13. Let s be g(4). Let t(n) = s*n**2 - 2*n - 96*n**2 + 3 - 6*n - n**3 + 3*n + 8*n. Suppose -5*f - 5 - 5 = 0. Determine t(f).
9
Let l = 765 - 760. Let m(a) = 7*a - 46. What is m(l)?
-11
Suppose -5*z - 15 = -8*p + 7*p, -3*z = 5*p - 19. Let v(c) = 2*c**2 + c + 1. Let w(b) = -11*b**2 - 12*b - 6. Let t(n) = -6*v(n) - w(n). What is t(p)?
5
Let o(c) = -c**3 + 2*c**2 + 2*c + 1. Let i(x) = x**2 - 1. Let t(z) = -2*i(z) - o(z). Let b(k) = -4*k**2 + 191*k - 1589. Let m be b(37). Give t(m).
-11
Let a(m) = -7*m**2 + m. Let q(t) be the first derivative of -t**3 + t**2/2 + t + 46. Let j(y) = 2*a(y) - 5*q(y). Let g be (1 + 0)*(2 - -3). Give j(g).
5
Let l(z) = z**2 + 8*z - 3. Let a(o) = 2*o**3 + 13*o**2 - 21*o + 16. Let f be a(-8). Calculate l(f).
-3
Let t(y) be the first derivative of -y**2 - 11*y + 68. Let s be t(-9). Let z(n) be the second derivative of n**3/3 - 9*n**2/2 + n. Determine z(s).
5
Let u be 4*2/3 + (-3)/(-9). Let j(n) = 0 + 20418*n**2 - u*n - 20420*n**2 - 1. What is j(-2)?
-3
Let f = 315 - 306. Suppose 0*z = -f*z + 9. Let r(i) = -i - 1. Let m(l) = 3*l - 1. Let y(g) = m(g) - r(g). Give y(z).
4
Let l(d) = 19*d + d**2 - 67 - 46 + 204 - 43. Calculate l(-16).
0
Let p(z) = 45*z + 2. Suppose 0 = -36*x + 4*x - 38 - 26. Calculate p(x).
-88
Let i(p) = 8*p**3 + 2*p**2 + 2*p + 1. Let l = -56 - -140. Let o = 80 - l. Let z be 3/24*-2 - (-3)/o. Calculate i(z).
-7
Let y(k) be the third derivative of k**4/8 + k**3/2 - 4*k**2. Suppose 0 = 76*z + 24 - 100. Calculate y(z).
6
Let r(v) be the first derivative of 0*v - 5/6*v**3 - 1/60*v**5 - 17/2*v**2 + 12 + 1/4*v**4. Let k(h) be the second derivative of r(h). Determine k(6).
-5
Let j(k) = -k**3 + 19*k**2 - 48*k + 4. Let m be j(16). Let y(i) = 235*i**2 + i - 258*i**2 - m + 4. Give y(1).
-22
Let x = -134 + 96. Let p = x - -42. Let n(h) = h - 4. Give n(p).
0
Let f(h) = -h**2 + 6*h + 4. Suppose 94*l - 48*l - 138 = 0. Calculate f(l).
13
Let a(k) = 10*k**2 - k - 2. Let j be a(-1). Suppose 4*o = 3*n + 3, -5*n + o + o + j = 0. Let s(b) = -10995 + 10995 + b. What is s(n)?
3
Let c be (2349/(-54))/(1/(-2)). Let p(j) = 175 - j - 95 - c. Determine p(-5).
-2
Let q(m) = -16*m**3 + 112*m**2 - 16*m - 7. Let o(g) = -7*g**3 + 50*g**2 - 8*g - 3. Let w(t) = -9*o(t) + 4*q(t). Calculate w(-4).
-1
Let f(q) = -10*q**3 + q**2 - 2*q. Suppose -3*y + w + 8 = 0, y - 723*w = -724*w - 4. Determine f(y).
-11
Let r(p) = -4*p**3 + 69*p**2 + 83*p - 19. Let c(y) = 3*y**3 - 47*y**2 - 55*y + 15. Let k(z) = -7*c(z) - 5*r(z). Calculate k(-14).
18
Let h(m) = -9*m**3 - 10*m**2 + 5*m + 4. Let j(k) = 5*k**3 + 5*k**2 - 3*k - 2. Let y(v) = 6*h(v) + 11*j(v). Suppose 3694*s = 3729*s - 210. Give y(s).
20
Suppose 2*t + 118*s + 46 = 113*s, 1 = -t + 3*s. Let y(d) = d**2 + 9*d - 1. Determine y(t).
51
Let u(q) = 3*q**2 - 31*q - 11. Suppose 21 = 19*n - 17*n - r, 0 = -2*n + 6*r - 4. What is u(n)?
93
Let a(c) = 5*c - 73. Let g(l) = 1 - 19 - 119*l + 120*l. Let p(u) = 2*a(u) - 9*g(u). Suppose 43*j = 38*j. What is p(j)?
16
Let u(s) = -36*s + 47 - 20*s - 33*s + 71*s + 52*s**2 - 51*s**2. Determine u(15).
2
Let z(x) = x - 2. Let u = 63 + -42. Let l(w) = 7*w - 141. Let p be l(u). Give z(p).
4
Let j(f) = f**3 - 10*f**2 + 24*f - 132. Let b be j(9). Let o(r) = 48*r**2 + 3*r**3 - r**3 - 2 - 47*r**2 - r**b. Calculate o(-2).
-6
Suppose 0 = 2*b + b. Let o(w) = -34*w**2 - w + 41. Let c(n) = -28*n**2 - n + 34. Let j(q) = -6*c(q) + 5*o(q). Determine j(b).
1
Suppose 3*o + 164 = -2*s, o = -2*o - 5*s - 167. Let c = o + 49. Let b(l) = 1. Let r(g) = g + 1. Let i(a) = -b(a) + 2*r(a). What is i(c)?
-9
Let d(s) = -s**2 + 21*s + 15. Let c be 3 - -19*(10 - 9). Determine d(c).
-7
Let q(i) = i**3 + 3*i**2 + 37. Let a(d) = -2*d**3 - 5*d**2 - 74. Let n(y) = 3*a(y) + 5*q(y). Let p(o) be the first derivative of n(o). Give p(1).
-3
Let f(o) = -o**2 - 16*o - 26. Suppose 5*n + x = -40, -2*n = -2*x + 6*x + 16. Calculate f(n).
38
Let w(z) be the second derivative of -z**4/12 - 3*z**3 + 10*z**2 - 2290*z. Calculate w(-19).
1
Suppose 3*j = -982 + 1504. Let z = -173 + j. Let t(l) be the second derivative of -l**4/2 - l**2/2 + 2*l. Determine t(z).
-7
Suppose -7*r = -2*r - 3*h + 78, 31 = -2*r + h. Let t be 6/3*r/6. Let c(u) be the first derivative of u**4/4 + 4*u**3/3 - 3*u**2/2 + 2*u + 2238. Give c(t).
-8
Let s(x) = 2*x**2 + 13*x**3 - 5*x**2 - 1 + 2*x + 2*x**2. Suppose 3*w = 21, -5*h = -4*w + 5284 - 5261. Determine s(h).
13
Let h(w) = -28*w**2 + 24*w + 18. Let t(k) = 13*k**2 - 11*k - 9. Let j(b) = -6*h(b) - 13*t(b). Calculate j(-5).
-11
Let p(q) = q**2 - 13*q + 6. Let j(n) = n. Let a(u) = 3*j(u) + p(u). Let r(c) be the second derivative of c**2/2 + 2245*c. Let x(d) = -a(d) - 5*r(d). Give x(8).
5
Let a(o) = -o**2 - 2*o + 4. Let i be a(0). Suppose -2*k - 2 = i*v, 4*k - 12*v + 7*v - 22 = 0. Let f(t) = t**3 - 4*t**2 + 8*t - 8. What is f(k)?
7
Let v(q) be the second derivative of -q**4/12 - 7*q**3/3 - 7*q**2 - 781*q. Calculate v(-10).
26
Let y(i) = 19*i + 9. Let q(l) = -128*l - 60. Let s(d) = -3*q(d) - 20*y(d). Give s(-2).
-8
Let r(t) = -43*t**3 - 14*t**2 + 2*t + 19. Let k(j) = 22*j**3 + j**2 - j. Let b(w) = -2*k(w) - r(w). Determine b(12).
-19
Let n(d) = 20*d**2 + 17*d + 8. Let i(r) = -7*r**2 - 6*r - 3. Let v(w) = 11*i(w) + 4*n(w). Let m be (-548)/(-12) - 2/(-6). Let g = -45 + m. Give v(g).
4
Suppose 2*n + 19 = 4*s + 5, 0 = 5*s - 2*n - 19. Let c(t) = s*t**3 + 9*t**2 + t + 4 - 5*t**2 - 4*t**3. Let f be (-4 + -2)*4/6. Determine c(f).
0
Let z(o) = -2*o**2 - o. Suppose -4*a + 38 = -3*t, -4*a + 20 = 3*t - 6. Let g(j) = 1 + 3 - a - 16 + 3*j. Let d be g(6). Calculate z(d).
-6
Let x be 4/(-3)*(-4)/16*(1